{"id":144,"date":"2018-08-14T09:09:28","date_gmt":"2018-08-14T09:09:28","guid":{"rendered":"https:\/\/demo.themegrill.com\/zakra-cafe\/?page_id=144"},"modified":"2019-11-24T09:30:32","modified_gmt":"2019-11-24T09:30:32","slug":"about","status":"publish","type":"page","link":"https:\/\/unico-osteria.cz\/unicoosteria\/about\/","title":{"rendered":"About"},"content":{"rendered":"\t\t<div data-elementor-type=\"wp-post\" data-elementor-id=\"144\" class=\"elementor elementor-144\">\n\t\t\t\t\t\t<section class=\"elementor-section elementor-top-section elementor-element elementor-element-196139a elementor-section-boxed elementor-section-height-default elementor-section-height-default\" data-id=\"196139a\" data-element_type=\"section\" data-e-type=\"section\" data-settings=\"{&quot;background_background&quot;:&quot;classic&quot;}\">\n\t\t\t\t\t\t\t<div class=\"elementor-background-overlay\"><\/div>\n\t\t\t\t\t\t\t<div class=\"elementor-container elementor-column-gap-default\">\n\t\t\t\t\t<div class=\"elementor-column elementor-col-100 elementor-top-column elementor-element elementor-element-e9e6091\" data-id=\"e9e6091\" data-element_type=\"column\" data-e-type=\"column\">\n\t\t\t<div class=\"elementor-widget-wrap elementor-element-populated\">\n\t\t\t\t\t\t<div class=\"elementor-element elementor-element-3a9d4091 elementor-hidden-desktop elementor-widget elementor-widget-html\" data-id=\"3a9d4091\" data-element_type=\"widget\" data-e-type=\"widget\" data-widget_type=\"html.default\">\n\t\t\t\t<div class=\"elementor-widget-container\">\n\t\t\t\t\t\r\n<!DOCTYPE html>\r\n<html>\r\n<head>\r\n<meta name=\"viewport\" content=\"width=device-width, initial-scale=1\">\r\n<link rel=\"stylesheet\" href=\"https:\/\/cdnjs.cloudflare.com\/ajax\/libs\/font-awesome\/4.7.0\/css\/font-awesome.min.css\">\r\n<style>\r\nbody {\r\n \r\n}\r\n\r\n#logo{\r\n    width:100%;\r\n}\r\n.mobile-container {\r\n  max-width: 480px;\r\n  margin: auto;\r\n  background-color:transparent;\r\n  height: 500px;\r\n  color: black;\r\n  border-radius: 10px;\r\n}\r\n\r\n.topnav {\r\n  overflow: hidden;\r\n  position: relative;\r\n}\r\n\r\n.topnav #myLinks {\r\n  display: none;\r\n}\r\n\r\n.topnav a {\r\n  color: black;\r\n  padding: 14px 16px;\r\n  text-decoration: none;\r\n  font-size: 17px;\r\n  display: block;\r\n}\r\n\r\n.topnav a.icon {\r\n  background: transparent;\r\n  display: block;\r\n  position: absolute;\r\n  right: 0;\r\n  top: 15px;\r\n}\r\n\r\n.topnav a:hover {\r\n  background-color: transparent;\r\n  color: black;\r\n}\r\n\r\n.active {\r\n  background-color: transparent;\r\n  color: white;\r\n}\r\n<\/style>\r\n<\/head>\r\n<body>\r\n\r\n\r\n\r\n<!-- Top Navigation Menu -->\r\n<div class=\"topnav\">\r\n  <a href=\"http:\/\/unico-osteria.cz\" id=\"logo\" class=\"active\">    <img decoding=\"async\" src=\"http:\/\/unico-osteria.cz\/unicoosteria\/wp-content\/uploads\/2019\/11\/Logo-Black.png\" alt=\"Smiley face\" id=\"logounico\"><\/a>\r\n  <div id=\"myLinks\">\r\n    <a href=\"http:\/\/unico-osteria.cz\/unicoosteria\/menu-2\/\">Menu<\/a>\r\n    <a href=\"http:\/\/unico-osteria.cz\/unicoosteria\/about\/\">About<\/a>\r\n    <a href=\"http:\/\/unico-osteria.cz\/unicoosteria\/davide-lagomarsino\/\">Davide Lagomarsino<\/a>\r\n    <a href=\"http:\/\/unico-osteria.cz\/unicoosteria\/contact\/\">Contact<\/a>\r\n  <\/div>\r\n  <a href=\"javascript:void(0);\" class=\"icon\" onclick=\"myFunction()\">\r\n    <i class=\"fa fa-bars\"><\/i>\r\n  <\/a>\r\n<\/div>\r\n\r\n<div style=\"padding-left:16px\">\r\n  \r\n<\/div>\r\n\r\n\r\n\r\n<script>\r\nfunction myFunction() {\r\n  var x = document.getElementById(\"myLinks\");\r\n  if (x.style.display === \"block\") {\r\n    x.style.display = \"none\";\r\n  } else {\r\n    x.style.display = \"block\";\r\n  }\r\n}\r\n<\/script>\r\n\r\n<\/body>\r\n<\/html>\r\n\r\n\t\t\t\t<\/div>\n\t\t\t\t<\/div>\n\t\t\t\t<div class=\"elementor-element elementor-element-2b0e6f8 elementor-hidden-tablet elementor-hidden-phone elementor-widget elementor-widget-html\" data-id=\"2b0e6f8\" data-element_type=\"widget\" data-e-type=\"widget\" data-widget_type=\"html.default\">\n\t\t\t\t<div class=\"elementor-widget-container\">\n\t\t\t\t\t<style>\r\n  body{\r\n\r\n  }\r\n\r\n\r\nli {display:inline-block;\r\n    color: white;\r\n    margin-right: 20px;\r\n\r\n\r\n}\r\n\r\nli>a{\r\n    color:black;\r\n    \r\n}\r\nul{\r\n  float:right;\r\n}\r\n\r\n#menucontainer{\r\n    display: inline-block;\r\n    width:100%;\r\n}\r\n\r\n#menulogo{\r\n\r\n\r\n        display: inline-block;\r\n\r\n}\r\n#menulinks{\r\n    width: 50%;\r\n        display: inline-block;\r\n        float:right;\r\n        height:100px;\r\n        padding-top:50px;\r\n\r\n}\r\n#logounico{\r\n  height:50px\r\n}\r\n\r\n\r\n\r\n\r\n<\/style>\r\n<div id=\"menucontainer\">\r\n<div id=\"menulogo\">\r\n\r\n    <img decoding=\"async\" src=\"http:\/\/unico-osteria.cz\/unicoosteria\/wp-content\/uploads\/2019\/11\/Logo-Black.png\" alt=\"Smiley face\" id=\"logounico\">\r\n\r\n<\/div>\r\n\r\n<div id=\"menulinks\">\r\n    <ul>\r\n        <li>\r\n            <a href=\"http:\/\/unico-osteria.cz\/unicoosteria\/menu-2\/\">Menu<\/a>\r\n        <\/li>\r\n        <li>\r\n           <a href=\"http:\/\/unico-osteria.cz\/unicoosteria\/about\/\">About<\/a>\r\n        <\/li>\r\n        <li>\r\n          <a href=\"http:\/\/unico-osteria.cz\/unicoosteria\/davide-lagomarsino\/\">Davide Lagomarsino<\/a>\r\n        <\/li>\r\n        <li>\r\n          <a href=\"http:\/\/unico-osteria.cz\/unicoosteria\/contact\/#\" > Contact<\/a>\r\n        <\/li>\r\n    <\/ul>\r\n\r\n<\/div>\r\n\r\n<\/div>\r\n\t\t\t\t<\/div>\n\t\t\t\t<\/div>\n\t\t\t\t<div class=\"elementor-element elementor-element-9b2f6c7 elementor-widget elementor-widget-text-editor\" data-id=\"9b2f6c7\" data-element_type=\"widget\" data-e-type=\"widget\" data-widget_type=\"text-editor.default\">\n\t\t\t\t<div class=\"elementor-widget-container\">\n\t\t\t\t\t\t\t\t\t<p style=\"text-align: center;\">About <br \/>Unico Osteria<\/p>\t\t\t\t\t\t\t\t<\/div>\n\t\t\t\t<\/div>\n\t\t\t\t\t<\/div>\n\t\t<\/div>\n\t\t\t\t\t<\/div>\n\t\t<\/section>\n\t\t\t\t<section class=\"elementor-section elementor-top-section elementor-element elementor-element-36991a1 elementor-section-boxed elementor-section-height-default elementor-section-height-default\" data-id=\"36991a1\" data-element_type=\"section\" data-e-type=\"section\">\n\t\t\t\t\t\t<div class=\"elementor-container elementor-column-gap-default\">\n\t\t\t\t\t<div class=\"elementor-column elementor-col-50 elementor-top-column elementor-element elementor-element-a0f8df0\" data-id=\"a0f8df0\" data-element_type=\"column\" data-e-type=\"column\">\n\t\t\t<div class=\"elementor-widget-wrap elementor-element-populated\">\n\t\t\t\t\t\t<div class=\"elementor-element elementor-element-3747ea4 elementor-widget elementor-widget-text-editor\" data-id=\"3747ea4\" data-element_type=\"widget\" data-e-type=\"widget\" data-widget_type=\"text-editor.default\">\n\t\t\t\t<div class=\"elementor-widget-container\">\n\t\t\t\t\t\t\t\t\t<p>Every element at Unico is an expression of the story and personality of the duo in charge of this family-run restaurant, Head Chef Davide Lagomarsino and his Czech wife and co-owner, Karol\u00edna. Here, Davide stresses the special importance of showcasing the finest ingredients, sourced from his native Liguria, and therefore maintaining that authentic saltiness, handling them with a modern simplicity that underlines their flavors and Davide\u2019s genuine passion for the cuisine of his homeland. \u00a0<\/p><p>Having lived for over 15 years in Australia, Chef Davide has infused new-world techniques and flavors to traditional Ligurian cuisine to elevate it into unique experiences that are cannot be replicated anywhere in Prague.<\/p><p>From contemporary meats and pastas, Davide\u2019s appreciation of Ligurian customs in seafood shine at Unico Osteria. Everchanging and diverse in supply, based on direct sourcing from Liguria itself, Chef Davide showcases the freshness of his ingredients, always sympathetically treating them so as to remain true to his roots, and reflective of his decades of skill. He is always ready to surprise with inventive and unexpected twists on dishes and loves introducing his diners to new aspects and fusions of his craft.<\/p><p>\u00a0<\/p>\t\t\t\t\t\t\t\t<\/div>\n\t\t\t\t<\/div>\n\t\t\t\t\t<\/div>\n\t\t<\/div>\n\t\t\t\t<div class=\"elementor-column elementor-col-50 elementor-top-column elementor-element elementor-element-9938ab1\" data-id=\"9938ab1\" data-element_type=\"column\" data-e-type=\"column\">\n\t\t\t<div class=\"elementor-widget-wrap elementor-element-populated\">\n\t\t\t\t\t\t<div class=\"elementor-element elementor-element-33e8133 elementor-widget elementor-widget-image\" data-id=\"33e8133\" data-element_type=\"widget\" data-e-type=\"widget\" data-widget_type=\"image.default\">\n\t\t\t\t<div class=\"elementor-widget-container\">\n\t\t\t\t\t\t\t\t\t\t\t\t\t\t\t<img fetchpriority=\"high\" decoding=\"async\" width=\"1024\" height=\"785\" src=\"https:\/\/unico-osteria.cz\/unicoosteria\/wp-content\/uploads\/2019\/11\/Unico-Osteria-10-1024x785.jpg\" class=\"attachment-large size-large wp-image-406\" alt=\"\" srcset=\"https:\/\/unico-osteria.cz\/unicoosteria\/wp-content\/uploads\/2019\/11\/Unico-Osteria-10-1024x785.jpg 1024w, https:\/\/unico-osteria.cz\/unicoosteria\/wp-content\/uploads\/2019\/11\/Unico-Osteria-10-300x230.jpg 300w, https:\/\/unico-osteria.cz\/unicoosteria\/wp-content\/uploads\/2019\/11\/Unico-Osteria-10-768x589.jpg 768w\" sizes=\"(max-width: 1024px) 100vw, 1024px\" \/>\t\t\t\t\t\t\t\t\t\t\t\t\t\t\t<\/div>\n\t\t\t\t<\/div>\n\t\t\t\t\t<\/div>\n\t\t<\/div>\n\t\t\t\t\t<\/div>\n\t\t<\/section>\n\t\t\t\t<section class=\"elementor-section elementor-top-section elementor-element elementor-element-db97471 elementor-section-stretched elementor-section-full_width elementor-section-content-middle elementor-section-height-default elementor-section-height-default\" data-id=\"db97471\" data-element_type=\"section\" data-e-type=\"section\" data-settings=\"{&quot;stretch_section&quot;:&quot;section-stretched&quot;,&quot;background_background&quot;:&quot;classic&quot;}\">\n\t\t\t\t\t\t\t<div class=\"elementor-background-overlay\"><\/div>\n\t\t\t\t\t\t\t<div class=\"elementor-container elementor-column-gap-wider\">\n\t\t\t\t\t<div class=\"elementor-column elementor-col-100 elementor-top-column elementor-element elementor-element-2afbb788\" data-id=\"2afbb788\" data-element_type=\"column\" data-e-type=\"column\">\n\t\t\t<div class=\"elementor-widget-wrap elementor-element-populated\">\n\t\t\t\t\t\t<section class=\"elementor-section elementor-inner-section elementor-element elementor-element-56ae9a9a elementor-section-boxed elementor-section-height-default elementor-section-height-default\" data-id=\"56ae9a9a\" data-element_type=\"section\" data-e-type=\"section\">\n\t\t\t\t\t\t<div class=\"elementor-container elementor-column-gap-default\">\n\t\t\t\t\t<div class=\"elementor-column elementor-col-50 elementor-inner-column elementor-element elementor-element-4477be47\" data-id=\"4477be47\" data-element_type=\"column\" data-e-type=\"column\">\n\t\t\t<div class=\"elementor-widget-wrap elementor-element-populated\">\n\t\t\t\t\t\t<div class=\"elementor-element elementor-element-24204353 elementor-widget elementor-widget-image\" data-id=\"24204353\" data-element_type=\"widget\" data-e-type=\"widget\" data-widget_type=\"image.default\">\n\t\t\t\t<div class=\"elementor-widget-container\">\n\t\t\t\t\t\t\t\t\t\t\t\t\t\t\t<img decoding=\"async\" src=\"https:\/\/unico-osteria.cz\/unicoosteria\/wp-content\/uploads\/elementor\/thumbs\/logo-1-oeygl50or6ikxph21z3m0nmyg8a1z5ngj88l3kqsjs.png\" title=\"logo\" alt=\"logo\" loading=\"lazy\" \/>\t\t\t\t\t\t\t\t\t\t\t\t\t\t\t<\/div>\n\t\t\t\t<\/div>\n\t\t\t\t<div class=\"elementor-element elementor-element-6efeecc6 elementor-widget elementor-widget-text-editor\" data-id=\"6efeecc6\" data-element_type=\"widget\" data-e-type=\"widget\" data-widget_type=\"text-editor.default\">\n\t\t\t\t<div class=\"elementor-widget-container\">\n\t\t\t\t\t\t\t\t\t<p><strong>Unico Osteria e Caffe s.r.o.<\/strong><\/p><p><strong>Addres: Velvarsk\u00e1 411, 252 62 Horom\u011b\u0159ice<\/strong><br \/><strong>Tel: +420 220 511 600<\/strong><br \/><strong>Hours of Operation:<\/strong><br \/><strong>Tuesday &#8211; Saturdat 11 am to 11 pm<\/strong><\/p>\t\t\t\t\t\t\t\t<\/div>\n\t\t\t\t<\/div>\n\t\t\t\t<div class=\"elementor-element elementor-element-74295b9e elementor-shape-circle e-grid-align-left elementor-grid-0 elementor-widget elementor-widget-social-icons\" data-id=\"74295b9e\" data-element_type=\"widget\" data-e-type=\"widget\" data-widget_type=\"social-icons.default\">\n\t\t\t\t<div class=\"elementor-widget-container\">\n\t\t\t\t\t\t\t<div class=\"elementor-social-icons-wrapper elementor-grid\" role=\"list\">\n\t\t\t\t\t\t\t<span class=\"elementor-grid-item\" role=\"listitem\">\n\t\t\t\t\t<a class=\"elementor-icon elementor-social-icon elementor-social-icon-facebook elementor-repeater-item-b3383f5\" target=\"_blank\">\n\t\t\t\t\t\t<span class=\"elementor-screen-only\">Facebook<\/span>\n\t\t\t\t\t\t<i aria-hidden=\"true\" class=\"fab fa-facebook\"><\/i>\t\t\t\t\t<\/a>\n\t\t\t\t<\/span>\n\t\t\t\t\t\t\t<span class=\"elementor-grid-item\" role=\"listitem\">\n\t\t\t\t\t<a class=\"elementor-icon elementor-social-icon elementor-social-icon-instagram elementor-repeater-item-f7efa34\" target=\"_blank\">\n\t\t\t\t\t\t<span class=\"elementor-screen-only\">Instagram<\/span>\n\t\t\t\t\t\t<i aria-hidden=\"true\" class=\"fab fa-instagram\"><\/i>\t\t\t\t\t<\/a>\n\t\t\t\t<\/span>\n\t\t\t\t\t\t\t<span class=\"elementor-grid-item\" role=\"listitem\">\n\t\t\t\t\t<a class=\"elementor-icon elementor-social-icon elementor-social-icon-envelope elementor-repeater-item-aabce5d\" target=\"_blank\">\n\t\t\t\t\t\t<span class=\"elementor-screen-only\">Envelope<\/span>\n\t\t\t\t\t\t<i aria-hidden=\"true\" class=\"fas fa-envelope\"><\/i>\t\t\t\t\t<\/a>\n\t\t\t\t<\/span>\n\t\t\t\t\t<\/div>\n\t\t\t\t\t\t<\/div>\n\t\t\t\t<\/div>\n\t\t\t\t\t<\/div>\n\t\t<\/div>\n\t\t\t\t<div class=\"elementor-column elementor-col-50 elementor-inner-column elementor-element elementor-element-5492c829\" data-id=\"5492c829\" data-element_type=\"column\" data-e-type=\"column\">\n\t\t\t<div class=\"elementor-widget-wrap elementor-element-populated\">\n\t\t\t\t\t\t<div class=\"elementor-element elementor-element-2c212b5f elementor-widget elementor-widget-html\" data-id=\"2c212b5f\" data-element_type=\"widget\" data-e-type=\"widget\" data-widget_type=\"html.default\">\n\t\t\t\t<div class=\"elementor-widget-container\">\n\t\t\t\t\t\t\t<div id=\"sbi_mod_error\" >\n\t\t\t<span>This error message is only visible to WordPress admins<\/span><br\/>\n\t\t\t<p><strong>Error: No feed found.<\/strong>\n\t\t\t<p>Please go to the Instagram Feed settings page to create a feed.<\/p>\n\t\t<\/div>\n\t\t\t\t\t\t<\/div>\n\t\t\t\t<\/div>\n\t\t\t\t\t<\/div>\n\t\t<\/div>\n\t\t\t\t\t<\/div>\n\t\t<\/section>\n\t\t\t\t\t<\/div>\n\t\t<\/div>\n\t\t\t\t\t<\/div>\n\t\t<\/section>\n\t\t\t\t<\/div>\n\t\t","protected":false},"excerpt":{"rendered":"<p>Menu About Davide Lagomarsino Contact Menu About Davide Lagomarsino Contact About Unico Osteria Every element at Unico is an expression of the story and personality of the duo in charge of this family-run restaurant, Head Chef Davide Lagomarsino and his Czech wife and co-owner, Karol\u00edna. Here, Davide stresses the special importance of showcasing the finest [&hellip;]<\/p>\n","protected":false},"author":3,"featured_media":0,"parent":0,"menu_order":0,"comment_status":"closed","ping_status":"closed","template":"elementor_canvas","meta":{"zakra_page_container_layout":"customizer","zakra_page_sidebar_layout":"customizer","zakra_remove_content_margin":false,"zakra_sidebar":"customizer","zakra_transparent_header":"0","zakra_logo":0,"zakra_main_header_style":"default","zakra_menu_item_color":"","zakra_menu_item_hover_color":"","zakra_menu_item_active_color":"","zakra_menu_active_style":"","zakra_page_header":true,"footnotes":""},"class_list":["post-144","page","type-page","status-publish","hentry"],"_links":{"self":[{"href":"https:\/\/unico-osteria.cz\/unicoosteria\/wp-json\/wp\/v2\/pages\/144","targetHints":{"allow":["GET"]}}],"collection":[{"href":"https:\/\/unico-osteria.cz\/unicoosteria\/wp-json\/wp\/v2\/pages"}],"about":[{"href":"https:\/\/unico-osteria.cz\/unicoosteria\/wp-json\/wp\/v2\/types\/page"}],"author":[{"embeddable":true,"href":"https:\/\/unico-osteria.cz\/unicoosteria\/wp-json\/wp\/v2\/users\/3"}],"replies":[{"embeddable":true,"href":"https:\/\/unico-osteria.cz\/unicoosteria\/wp-json\/wp\/v2\/comments?post=144"}],"version-history":[{"count":12,"href":"https:\/\/unico-osteria.cz\/unicoosteria\/wp-json\/wp\/v2\/pages\/144\/revisions"}],"predecessor-version":[{"id":569,"href":"https:\/\/unico-osteria.cz\/unicoosteria\/wp-json\/wp\/v2\/pages\/144\/revisions\/569"}],"wp:attachment":[{"href":"https:\/\/unico-osteria.cz\/unicoosteria\/wp-json\/wp\/v2\/media?parent=144"}],"curies":[{"name":"wp","href":"https:\/\/api.w.org\/{rel}","templated":true}]}}